at is g(-4)?
14
Let c(z) = z**3 - 4*z**2 - 4*z - 4. Calculate c(4).
-20
Let m(r) = 21*r - 390. What is m(19)?
9
Let x(f) = 2*f**3 + 8*f**2 - 4*f + 6. Calculate x(-7).
-260
Let k(m) = 3*m**2 + 6*m + 42. Give k(0).
42
Let s(d) = -d**3 - 8*d**2 + 7*d + 9. Determine s(-9).
27
Let k(j) = 4*j + 41. Calculate k(-9).
5
Let v(j) = j + 6. What is v(11)?
17
Let s(j) = -2*j**2 - 8*j - 11. What is s(-4)?
-11
Let f(h) = -29*h + 1335. Give f(46).
1
Let i(t) = 8*t + 34. Determine i(-8).
-30
Let l(p) = 12*p - 21. Determine l(4).
27
Let k(s) = 31*s - 21. What is k(-4)?
-145
Let u(d) = -3*d + 2. Determine u(3).
-7
Let i(v) = -v**3 - 3*v**2 + 12*v + 17. What is i(-5)?
7
Let l(t) = -4*t**2 - t - 24. Determine l(6).
-174
Let g(w) = -w**2 + 8*w + 88. Give g(-6).
4
Let g(u) = -u**3 + 8*u**2 - 9. Determine g(7).
40
Let b(q) = -q**3 + 13*q**2 - 29*q - 8. Give b(10).
2
Let k(u) = -u**3 - 2*u**2 + 10*u + 18. Give k(-3).
-3
Let i(l) = l**3 - 4*l**2 + 4*l - 18. Give i(3).
-15
Let q(l) = l**3 - 7*l**2 - 8*l + 12. Determine q(8).
12
Let o(f) = f**2 - 12*f - 34. Determine o(14).
-6
Let b(i) = i**2 + 14*i - 51. Determine b(-18).
21
Let q(b) = 9*b - 2. Determine q(3).
25
Let z(l) = -l**2 - 2*l + 21. What is z(4)?
-3
Let f(h) = -h**3 - 13*h**2 + 2*h - 1. Give f(-13).
-27
Let w(t) = -2*t + 23. Give w(-5).
33
Let s(r) = -r**3 + 3*r**2 + 3*r + 1. Give s(3).
10
Let o(r) = -7*r - 2. What is o(-3)?
19
Let g(c) = -3*c**2 + 4*c + 11. What is g(-3)?
-28
Let c(q) = 4*q**2 - 58*q + 25. Give c(14).
-3
Let d(a) = a**3 + 26*a**2 - 56*a + 11. What is d(-28)?
11
Let n(h) = -h**2 + 40*h - 282. What is n(31)?
-3
Let q(m) = -19*m - 356. What is q(-19)?
5
Let g(w) = -2*w**2 + 22*w - 17. Give g(10).
3
Let i(l) = -l + 8. What is i(15)?
-7
Let p(g) = -g**3 + 11*g**2 + 4*g + 8. Calculate p(12).
-88
Let g(s) = -s**2 + 42*s - 323. Give g(32).
-3
Let y(m) = -3*m**2 + 3*m + 5. Give y(-3).
-31
Let o(n) = n**3 + 16*n**2 + 16*n + 4. Give o(-15).
-11
Let t(f) = -6*f + 2. Determine t(2).
-10
Let g(w) = -w**2 - 2*w + 1. Calculate g(-2).
1
Let k(j) = -j**2 - 17. Give k(6).
-53
Let s(b) = b**3 - 2*b**2 - 6*b + 5. Calculate s(4).
13
Let c(y) = y + 32. Give c(-24).
8
Let r(g) = -g - 10. What is r(-7)?
-3
Let h(l) = -l**3 - 17*l**2 + 21*l + 60. What is h(-18)?
6
Let f(c) = -8*c - 18. Calculate f(-5).
22
Let m(u) = -u + 2. Determine m(-2).
4
Let d(g) = 25*g + 2. Determine d(-1).
-23
Let y(w) = w + 14. Calculate y(-5).
9
Let q(h) = -5*h**2 - 12*h - 21. Give q(-2).
-17
Let k(m) = -4*m - 85. Determine k(-22).
3
Let l(i) = 89*i - 4. Calculate l(1).
85
Let h(v) = -2*v**3 + 18*v**2 + 20*v. What is h(10)?
0
Let f(y) = -19*y + 383. Calculate f(20).
3
Let w(k) = 3*k**2 - 11*k - 12. Determine w(8).
92
Let p(s) = -s**3 + 16*s**2 + 2*s - 16. What is p(16)?
16
Let j(d) = -d**3 - 15*d**2 - 10. Determine j(-15).
-10
Let i(s) = 4*s + 18. Determine i(-8).
-14
Let g(p) = -p**3 + 9*p**2 - 4*p - 8. Determine g(9).
-44
Let u(s) = -s**2 + 27*s + 7. Give u(27).
7
Let v(i) = -4*i + 51. Calculate v(10).
11
Let a(r) = -r**2 - 13*r + 6. Calculate a(-9).
42
Let y(u) = u**2 + 37*u - 219. Calculate y(-42).
-9
Let h(d) = -15*d**3 + 2*d**2 + 2*d - 1. Calculate h(-1).
14
Let d(x) = 2*x**2 + 4*x + 10. What is d(-4)?
26
Let z(w) = -33*w - 1. Give z(-1).
32
Let p(o) = 2*o**3 + 7*o**2 - 5*o - 22. Give p(-5).
-72
Let u(g) = -g**2 - 10*g - 4. Calculate u(-6).
20
Let r(f) = -f**2 - 2*f + 12. What is r(-9)?
-51
Let f(v) = v**2 + 5*v + 4. Determine f(-3).
-2
Let j(l) = l**3 + 11*l**2 + 7*l - 26. What is j(-10)?
4
Let x(q) = q**2 - 10*q - 2. Calculate x(10).
-2
Let m(s) = 184*s - 7. Give m(1).
177
Let a(j) = 4*j + 73. What is a(-17)?
5
Let a(r) = r**3 - 10*r**2 + 11*r - 11. Give a(9).
7
Let u(q) = -8*q**2 - 151*q + 10. What is u(-19)?
-9
Let v(w) = w + 13. Determine v(-6).
7
Let r(b) = -b**3 - 4*b**2 - b - 3. Calculate r(-3).
-9
Let i(g) = -4*g - 16. Determine i(12).
-64
Let d(v) = v**2 - 8*v + 12. Determine d(9).
21
Let j(t) = -t**2 - 2*t + 329. Determine j(-19).
6
Let i(p) = -2*p**2 - 7*p + 11. Give i(-6).
-19
Let f(u) = -u**2 - 8*u - 4. Give f(-5).
11
Let h(y) = -y**2 - 3*y + 3. Give h(2).
-7
Let l(o) = 7*o**3 + 3*o**2 + 5*o + 1. Give l(-1).
-8
Let t(b) = 6*b - 36. Calculate t(4).
-12
Let b(k) = -2*k - 24. Give b(-14).
4
Let t(z) = z**3 + 7*z**2 + z - 14. What is t(-7)?
-21
Let y(w) = -w**3 + 4*w**2 + 11*w - 11. Calculate y(5).
19
Let z(l) = -2*l**3 - 11*l**2 - 10*l - 17. Calculate z(-5).
8
Let a(y) = y**3 - y**2 - 6*y + 2. Determine a(3).
2
Let w(f) = -f**3 + 4*f**2 - 8. Calculate w(4).
-8
Let v(q) = -q**3 - 2*q - 6. Give v(-4).
66
Let q(t) = t**2 + 18*t + 21. Determine q(-14).
-35
Let j(h) = -3*h**2 - 4*h. Give j(-3).
-15
Let z(m) = m**3 + 11*m**2 + 11*m - 11. What is z(-10)?
-21
Let x(v) = v**2 + 2*v - 41. Give x(-8).
7
Let w(y) = 6*y - 6. Determine w(3).
12
Let b(m) = 30*m + 91. What is b(-3)?
1
Let i(l) = l**2 + 7*l + 16. Calculate i(-7).
16
Let s(l) = 4*l + 60. Calculate s(9).
96
Let j(m) = 4*m + 30. Calculate j(-10).
-10
Let q(r) = -25*r - 256. Determine q(-10).
-6
Let x(l) = 18*l - 34. Determine x(2).
2
Let d(o) = o**3 + 7*o**2 + 7*o + 9. Give d(-6).
3
Let y(w) = -w - 2. What is y(-9)?
7
Let a(v) = -23*v. What is a(-4)?
92
Let d(n) = -n**3 + 6*n**2 - 7*n + 3. Give d(5).
-7
Let s(m) = 5*m - 9. Determine s(3).
6
Let w(p) = 11*p + 86. Calculate w(-9).
-13
Let l(n) = n**3 + 15*n**2 + 19*n + 12. What is l(-14)?
-58
Let v(l) = 2*l - 11. Calculate v(6).
1
Let y(v) = 4*v + 7. What is y(7)?
35
Let s(g) = -g**2 + 15*g - 1. Calculate s(11).
43
Let u(f) = f**2 - 7*f - 10. Give u(7).
-10
Let r(g) = 24*g**2 + 165*g - 7. What is r(-7)?
14
Let q(g) = -g**2 + 13*g + 20. Give q(11).
42
Let b(r) = -8*r. Calculate b(3).
-24
Let g(r) = -2*r**3 - 15*r**2 + 5*r - 18. Give g(-8).
6
Let t(d) = d**2 + 144*d - 597. Give t(4).
-5
Let u(o) = -3*o**2 + 60*o - 58. Calculate u(19).
-1
Let m(q) = q**2 + 9*q + 17. What is m(-7)?
3
Let s(r) = -r**3 - 34*r**2 - 287*r + 41. Give s(-17).
7
Let o(y) = -y**3 + 8*y**2 + 12*y - 7. What is o(9)?
20
Let r(h) = h**2 - 5*h - 2. What is r(4)?
-6
Let c(u) = u**2 - 38. Calculate c(-6).
-2
Let g(x) = 16*x**3 + x**2 - 2*x. Calculate g(-2).
-120
Let q(z) = 3*z**3 + z**2 - 3*z + 1. Give q(2).
23
Let p(m) = -m**2 + 10*m - 4. What is p(7)?
17
Let i(c) = -2*c + 4. What is i(-2)?
8
Let o(c) = 2*c - 8. What is o(-8)?
-24
Let c(n) = n - 6. What is c(6)?
0
Let t(x) = 68*x**3 - x**2 - x - 1. What is t(-1)?
-69
Let o(n) = 10*n - 7. Determine o(3).
23
Let q(o) = 2*o**3 - 13*o**2 - 24*o. What is q(8)?
0
Let f(l) = l**2 + 18*l + 17. What is f(-17)?
0
Let a(j) = -5*j - 19. What is a(14)?
-89
Let t(f) = f + 14. Give t(-19).
-5
Let h(t) = -t**2 + t - 8. Calculate h(0).
-8
Let s(o) = -o**3 - 16*o**2 - 2*o - 33. What is s(-16)?
-1
Let r(b) = -11*b + 9. Give r(4).
-35
Let a(f) = 94*f**3 - f**2 - f + 2. What is a(1)?
94
Let t(i) = i**2 - 14*i - 16. Calculate t(12).
-40
Let m(r) = -19*r + 3. Give m(-1).
22
Let f(a) = -a**2 - 3*a - 10. Give f(-4).
-14
Let o(q) = -33*q + 244. Determine o(7).
13
Let x(f) = -f**3 - 14*f**2 + 15*f - 3. Give x(-15).
-3
Let h(t) = -29*t + 282. Give h(10).
-8
Let l(u) = u + 27. Give l(-10).
17
Let c(v) = 16*v**3 - 2*v**2 + v. Determine c(1).
15
Let r(x) = x**3 + 6*x**2 + 3*x - 1. Determine r(-6).
-19
Let z(v) = v**3 - 7*v**2 - 15*v + 25. What is z(8)?
-31
Let w(y) = y**3 - 9*y**2 + 9*y - 10. Give w(8).
-2
Let r(w) = w**2 + 12*w + 10. Give r(-11).
-1
Let y(w) = -w**2 + 9*w - 11. Calculate y(5).
9
Let l(b) = 10*b - 71. Determine l(6).
-11
Let n(y) = 7*y - 12. Give n(2).
2
Let z(d) = -2*d - 4. What is z(-3)?
2
Let x(v) = -6*v - 99. Determine x(-16).
-3
Let b(h) = -2*h + 8. Calculate b(0).
8
Let y(c) = c**2 - 11*c + 32. Determine y(4).
4
Let x(y) = -y**3 - 14*y**2 - 10*y + 41. Determine x(-13).
2
Let y(w) = 2*w + 5. Determine y(-5).
-5
Let w(a) = a**2 - 8*a + 19. Calculate w(6).
7
Let h(r) = -11*r - 110. Determine h(-10).
0
Let n(u) = -u**3 - 19*u**2 + 21*u + 13. What is n(-20)?
-7
Let f(y) = -4*y + 118. Determine f(30).
-2
Let m(k) = k - 10. Determine m(-11).
-21
Let f(d) = d - 36. What is f(16)?
-20
Let o(d) = d**3 - 14*d**2 - 15*d - 7. Give o(15).
-7
Let w(z) = 6*z - 132. What is w(21)?
-6
Let y(o) = -2*o - 9. Determine y(-11).
13
Let m(s) = 4*s + 8. What is m(-8)?
-24
Let m(w) = -2*w**3 + 6*w**2 - w + 4. What is m(4)?
-32
Let t(r) = r**2 + 